at is the millions digit of 1607840942?
7
What is the units digit of 636307177?
7
What is the ten millions digit of 272854901?
7
What is the ten thousands digit of 21444727?
4
What is the hundreds digit of 587452733?
7
What is the ten millions digit of 2249887775?
4
What is the tens digit of 2464413401?
0
What is the units digit of 294194851?
1
What is the units digit of 89923093?
3
What is the hundreds digit of 1635783711?
7
What is the hundreds digit of 111942251?
2
What is the tens digit of 331246193?
9
What is the thousands digit of 468078744?
8
What is the ten millions digit of 3815294247?
1
What is the tens digit of 169617504?
0
What is the thousands digit of 9385322812?
2
What is the hundred millions digit of 348542163?
3
What is the hundreds digit of 579813703?
7
What is the hundred thousands digit of 47929241?
9
What is the ten millions digit of 753273396?
5
What is the tens digit of 1084879422?
2
What is the units digit of 45501379?
9
What is the tens digit of 7650441?
4
What is the millions digit of 292444311?
2
What is the hundred millions digit of 9550672964?
5
What is the thousands digit of 3755941742?
1
What is the ten millions digit of 366819288?
6
What is the tens digit of 154304407?
0
What is the hundreds digit of 50279952?
9
What is the billions digit of 3696765969?
3
What is the units digit of 963827203?
3
What is the hundred thousands digit of 5889318?
8
What is the hundred millions digit of 1759228346?
7
What is the hundred millions digit of 790534920?
7
What is the thousands digit of 74685577?
5
What is the hundred thousands digit of 317291368?
2
What is the hundreds digit of 993968145?
1
What is the hundreds digit of 321543313?
3
What is the thousands digit of 58195417?
5
What is the ten millions digit of 1767065588?
6
What is the tens digit of 595924489?
8
What is the hundreds digit of 58437801?
8
What is the units digit of 81940817?
7
What is the tens digit of 416600351?
5
What is the hundred thousands digit of 1450140692?
1
What is the hundred thousands digit of 61643832?
6
What is the units digit of 931370368?
8
What is the thousands digit of 2763562982?
2
What is the hundreds digit of 58104763?
7
What is the ten millions digit of 512244105?
1
What is the thousands digit of 782733495?
3
What is the ten thousands digit of 3557173?
5
What is the units digit of 234582409?
9
What is the thousands digit of 1230428462?
8
What is the millions digit of 174431985?
4
What is the ten millions digit of 1039633400?
3
What is the hundred thousands digit of 253130096?
1
What is the hundreds digit of 339465051?
0
What is the hundreds digit of 27977581?
5
What is the units digit of 3628893690?
0
What is the ten millions digit of 584136213?
8
What is the units digit of 581893451?
1
What is the hundred thousands digit of 4666125842?
1
What is the tens digit of 320765429?
2
What is the ten thousands digit of 134693541?
9
What is the tens digit of 1367801023?
2
What is the millions digit of 36930541?
6
What is the ten millions digit of 81774118?
8
What is the hundred thousands digit of 39687421?
6
What is the tens digit of 80960816?
1
What is the ten millions digit of 251967133?
5
What is the hundreds digit of 58626746?
7
What is the ten thousands digit of 28033608?
3
What is the thousands digit of 5126207?
6
What is the millions digit of 741128619?
1
What is the ten millions digit of 7698144998?
9
What is the hundred thousands digit of 7493205?
4
What is the ten thousands digit of 2516929317?
2
What is the ten millions digit of 978799565?
7
What is the hundred millions digit of 229670770?
2
What is the hundred millions digit of 155920635?
1
What is the thousands digit of 694614755?
4
What is the units digit of 3614476257?
7
What is the thousands digit of 4072597?
2
What is the units digit of 5839002515?
5
What is the units digit of 243330583?
3
What is the hundred thousands digit of 392529180?
5
What is the hundreds digit of 45259018?
0
What is the hundred thousands digit of 5483818493?
8
What is the hundred millions digit of 301152962?
3
What is the tens digit of 38563930?
3
What is the ten millions digit of 15267171?
1
What is the thousands digit of 409697314?
7
What is the ten millions digit of 1116858814?
1
What is the ten thousands digit of 598138358?
3
What is the hundreds digit of 384918534?
5
What is the units digit of 5405428?
8
What is the hundreds digit of 460922700?
7
What is the millions digit of 105689471?
5
What is the ten thousands digit of 596386805?
8
What is the tens digit of 40381148?
4
What is the billions digit of 4664037258?
4
What is the millions digit of 9180582?
9
What is the thousands digit of 7127108654?
8
What is the thousands digit of 481731135?
1
What is the ten millions digit of 117345585?
1
What is the tens digit of 137371037?
3
What is the units digit of 49196479?
9
What is the thousands digit of 1260107813?
7
What is the units digit of 31215739?
9
What is the tens digit of 581725721?
2
What is the billions digit of 1903759105?
1
What is the units digit of 3310236368?
8
What is the hundred millions digit of 246641380?
2
What is the hundred thousands digit of 36795933?
7
What is the millions digit of 44677046?
4
What is the hundred thousands digit of 215539222?
5
What is the tens digit of 155653252?
5
What is the tens digit of 274130207?
0
What is the hundreds digit of 107636921?
9
What is the tens digit of 362332482?
8
What is the ten thousands digit of 42952559?
5
What is the hundreds digit of 120729302?
3
What is the ten millions digit of 964091988?
6
What is the tens digit of 277666697?
9
What is the millions digit of 546027778?
6
What is the tens digit of 12593923?
2
What is the units digit of 201810168?
8
What is the tens digit of 374961169?
6
What is the thousands digit of 812415095?
5
What is the thousands digit of 979845504?
5
What is the units digit of 358281686?
6
What is the ten thousands digit of 459435151?
3
What is the ten millions digit of 286969817?
8
What is the thousands digit of 350941995?
1
What is the ten millions digit of 758127032?
5
What is the thousands digit of 213089404?
9
What is the units digit of 62458441?
1
What is the millions digit of 614336638?
4
What is the units digit of 726901714?
4
What is the hundred millions digit of 3309259644?
3
What is the units digit of 8236751?
1
What is the hundred thousands digit of 129103622?
1
What is the hundred thousands digit of 37437957?
4
What is the hundred thousands digit of 1523155767?
1
What is the millions digit of 82259861?
2
What is the ten thousands digit of 1565176180?
7
What is the ten millions digit of 251298364?
5
What is the millions digit of 24581733?
4
What is the units digit of 229602558?
8
What is the units digit of 65146869?
9
What is the tens digit of 49465646?
4
What is the units digit of 544838497?
7
What is the hundreds digit of 2007332247?
2
What is the thousands digit of 183577016?
7
What is the ten thousands digit of 249815417?
1
What is the hundred millions digit of 106354734?
1
What is the hundred thousands digit of 66764606?
7
What is the tens digit of 1153775062?
6
What is the millions digit of 10275713?
0
What is the hundred millions digit of 499138429?
4
What is the hundred millions digit of 7203321394?
2
What is the millions digit of 1066178492?
6
What is the hundred millions digit of 587827797?
5
What is the ten millions digit of 204089321?
0
What is the tens digit of 3480873338?
3
What is the tens digit of 1044422007?
0
What is the ten thousands digit of 341640256?
4
What is the tens digit of 304279957?
5
What is the hundreds digit of 35378104?
1
What is the ten thousands digit of 234026068?
2
What is the hundreds digit of 66063405?
4
What is the millions digit of 223962755?
3
What is the ten thousands digit of 17404351?
0
What is the tens digit of 1636153611?
1
What is the ten thousands digit of 1020451543?
5
What is the tens digit of 668692477?
7
What is the units digit of 909346703?
3
What is the hundred millions digit of 780431561?
7
What is the hundred millions digit of 118093008?
1
What is the ten millions digit of 51885566?
5
What is the units digit of 1237685233?
3
What is the tens digit of 575583184?
8
What is the hundreds digit of 242463011?
0
What is the hundred thousands digit of 77